{"id":44,"date":"2024-05-07T13:34:07","date_gmt":"2024-05-07T13:34:07","guid":{"rendered":"https:\/\/www.club-z-aero.be\/?page_id=44"},"modified":"2024-05-08T18:27:33","modified_gmt":"2024-05-08T18:27:33","slug":"a-propos","status":"publish","type":"page","link":"https:\/\/www.club-z-aero.be\/index.php\/a-propos\/","title":{"rendered":"A propos"},"content":{"rendered":"\n<pre class=\"wp-block-preformatted\">2021<br>           29 Mai           Fondation du Club  : CLUB Z asbl<br><br>           19 Juillet      Autorisation d'exploiter un \u00e9tablissement de classe 3 rubrique 92.61.13.01<br><br>           30 Juillet      Publication au moniteur <br>                                     Aministrateurs <br>                                       Zardini JP               Pr\u00e9sident<br>                                       Sauvage V<br>                                       Lobbestael S<br>                                       Decrolier N            Tr\u00e9sorier<br>                                       Lebrun R                 Secr\u00e9taire<br><br>2022<br>               Mai           D\u00e9but des am\u00e9nagements du terrain <br>          24 Juin         Contr\u00f4le DGTA<br>            5 Nov          Portes ouvertes <br><br> <br><br> <br><\/pre>\n","protected":false},"excerpt":{"rendered":"<p>2021 29 Mai Fondation du Club : CLUB Z asbl 19 Juillet Autorisation d&#8217;exploiter un \u00e9tablissement de classe 3 rubrique 92.61.13.01 30 Juillet Publication au moniteur Aministrateurs Zardini JP Pr\u00e9sident Sauvage V Lobbestael S Decrolier N Tr\u00e9sorier Lebrun R Secr\u00e9taire2022 Mai D\u00e9but des am\u00e9nagements du terrain 24 Juin Contr\u00f4le DGTA 5 Nov Portes ouvertes<\/p>\n","protected":false},"author":1,"featured_media":0,"parent":0,"menu_order":0,"comment_status":"closed","ping_status":"closed","template":"","meta":{"ngg_post_thumbnail":0,"footnotes":""},"class_list":["post-44","page","type-page","status-publish"],"_links":{"self":[{"href":"https:\/\/www.club-z-aero.be\/index.php\/wp-json\/wp\/v2\/pages\/44","targetHints":{"allow":["GET"]}}],"collection":[{"href":"https:\/\/www.club-z-aero.be\/index.php\/wp-json\/wp\/v2\/pages"}],"about":[{"href":"https:\/\/www.club-z-aero.be\/index.php\/wp-json\/wp\/v2\/types\/page"}],"author":[{"embeddable":true,"href":"https:\/\/www.club-z-aero.be\/index.php\/wp-json\/wp\/v2\/users\/1"}],"replies":[{"embeddable":true,"href":"https:\/\/www.club-z-aero.be\/index.php\/wp-json\/wp\/v2\/comments?post=44"}],"version-history":[{"count":3,"href":"https:\/\/www.club-z-aero.be\/index.php\/wp-json\/wp\/v2\/pages\/44\/revisions"}],"predecessor-version":[{"id":290,"href":"https:\/\/www.club-z-aero.be\/index.php\/wp-json\/wp\/v2\/pages\/44\/revisions\/290"}],"wp:attachment":[{"href":"https:\/\/www.club-z-aero.be\/index.php\/wp-json\/wp\/v2\/media?parent=44"}],"curies":[{"name":"wp","href":"https:\/\/api.w.org\/{rel}","templated":true}]}}