{"id":23,"date":"2024-05-07T13:30:43","date_gmt":"2024-05-07T13:30:43","guid":{"rendered":"https:\/\/www.club-z-aero.be\/?page_id=23"},"modified":"2024-05-20T18:43:50","modified_gmt":"2024-05-20T18:43:50","slug":"activites","status":"publish","type":"page","link":"https:\/\/www.club-z-aero.be\/index.php\/activites\/","title":{"rendered":"Activit\u00e9s"},"content":{"rendered":"\n<pre>\nPr\u00e9f\u00e9rence  :  les mod\u00e8les \u00e0 propulsion \u00e9lectrique : Avion , Planeur , Jet , H\u00e9lico , Dr\u00f4ne \n\nEcolage , Construction \n\nAlbums : Ecolage , Construction\n\n\n<\/pre>\n\n\n\nngg_shortcode_0_placeholder\n\n\n\nngg_shortcode_1_placeholder\n\n\n\nngg_shortcode_2_placeholder\n","protected":false},"excerpt":{"rendered":"<p>Pr\u00e9f\u00e9rence : les mod\u00e8les \u00e0 propulsion \u00e9lectrique : Avion , Planeur , Jet , H\u00e9lico , Dr\u00f4ne Ecolage , Construction Albums : Ecolage , Construction<\/p>\n","protected":false},"author":1,"featured_media":0,"parent":0,"menu_order":0,"comment_status":"closed","ping_status":"closed","template":"","meta":{"ngg_post_thumbnail":0,"footnotes":""},"class_list":["post-23","page","type-page","status-publish"],"_links":{"self":[{"href":"https:\/\/www.club-z-aero.be\/index.php\/wp-json\/wp\/v2\/pages\/23","targetHints":{"allow":["GET"]}}],"collection":[{"href":"https:\/\/www.club-z-aero.be\/index.php\/wp-json\/wp\/v2\/pages"}],"about":[{"href":"https:\/\/www.club-z-aero.be\/index.php\/wp-json\/wp\/v2\/types\/page"}],"author":[{"embeddable":true,"href":"https:\/\/www.club-z-aero.be\/index.php\/wp-json\/wp\/v2\/users\/1"}],"replies":[{"embeddable":true,"href":"https:\/\/www.club-z-aero.be\/index.php\/wp-json\/wp\/v2\/comments?post=23"}],"version-history":[{"count":8,"href":"https:\/\/www.club-z-aero.be\/index.php\/wp-json\/wp\/v2\/pages\/23\/revisions"}],"predecessor-version":[{"id":625,"href":"https:\/\/www.club-z-aero.be\/index.php\/wp-json\/wp\/v2\/pages\/23\/revisions\/625"}],"wp:attachment":[{"href":"https:\/\/www.club-z-aero.be\/index.php\/wp-json\/wp\/v2\/media?parent=23"}],"curies":[{"name":"wp","href":"https:\/\/api.w.org\/{rel}","templated":true}]}}