{"id":166,"date":"2024-05-08T10:11:13","date_gmt":"2024-05-08T10:11:13","guid":{"rendered":"https:\/\/www.club-z-aero.be\/?page_id=166"},"modified":"2025-10-19T13:01:40","modified_gmt":"2025-10-19T13:01:40","slug":"albums","status":"publish","type":"page","link":"https:\/\/www.club-z-aero.be\/index.php\/albums\/","title":{"rendered":"Albums"},"content":{"rendered":"\n<div class=\"wp-block-columns is-layout-flex wp-container-core-columns-is-layout-9d6595d7 wp-block-columns-is-layout-flex\">\n<div class=\"wp-block-column is-layout-flow wp-block-column-is-layout-flow\"><\/div>\n\n\n\n<div class=\"wp-block-column is-layout-flow wp-block-column-is-layout-flow\"><\/div>\n<\/div>\n\n\n\n<div class=\"wp-block-columns is-layout-flex wp-container-core-columns-is-layout-9d6595d7 wp-block-columns-is-layout-flex\">\n<div class=\"wp-block-column is-layout-flow wp-block-column-is-layout-flow\">\nngg_shortcode_0_placeholder\n<\/div>\n\n\n\n<div class=\"wp-block-column is-layout-flow wp-block-column-is-layout-flow\">\nngg_shortcode_1_placeholder\n<\/div>\n\n\n\n<div class=\"wp-block-column is-layout-flow wp-block-column-is-layout-flow\">\nngg_shortcode_2_placeholder\n<\/div>\n<\/div>\n\n\n\n<pre>\nAutres albums\n  Activit\u00e9s : Avion Planeur Jet H\u00e9lico Dr\u00f4ne\n  Ecolage\n  Construction\n  Les manifestations\n  \n     \n<\/pre>\n","protected":false},"excerpt":{"rendered":"<p>Autres albums Activit\u00e9s : Avion Planeur Jet H\u00e9lico Dr\u00f4ne Ecolage Construction Les manifestations<\/p>\n","protected":false},"author":1,"featured_media":0,"parent":0,"menu_order":0,"comment_status":"closed","ping_status":"closed","template":"","meta":{"ngg_post_thumbnail":0,"footnotes":""},"class_list":["post-166","page","type-page","status-publish"],"_links":{"self":[{"href":"https:\/\/www.club-z-aero.be\/index.php\/wp-json\/wp\/v2\/pages\/166","targetHints":{"allow":["GET"]}}],"collection":[{"href":"https:\/\/www.club-z-aero.be\/index.php\/wp-json\/wp\/v2\/pages"}],"about":[{"href":"https:\/\/www.club-z-aero.be\/index.php\/wp-json\/wp\/v2\/types\/page"}],"author":[{"embeddable":true,"href":"https:\/\/www.club-z-aero.be\/index.php\/wp-json\/wp\/v2\/users\/1"}],"replies":[{"embeddable":true,"href":"https:\/\/www.club-z-aero.be\/index.php\/wp-json\/wp\/v2\/comments?post=166"}],"version-history":[{"count":24,"href":"https:\/\/www.club-z-aero.be\/index.php\/wp-json\/wp\/v2\/pages\/166\/revisions"}],"predecessor-version":[{"id":796,"href":"https:\/\/www.club-z-aero.be\/index.php\/wp-json\/wp\/v2\/pages\/166\/revisions\/796"}],"wp:attachment":[{"href":"https:\/\/www.club-z-aero.be\/index.php\/wp-json\/wp\/v2\/media?parent=166"}],"curies":[{"name":"wp","href":"https:\/\/api.w.org\/{rel}","templated":true}]}}